nd 48.
16
Let c(i) = -i - 2. Suppose 0 = -5*v - 80 + 25. Let j be c(v). What is the highest common divisor of 63 and j?
9
Suppose 6*a - 27 = 3*a. Let v be 5 - -6 - (2 - 0). What is the highest common divisor of a and v?
9
Let p = 29 + -27. Calculate the highest common factor of p and 14.
2
Let c(u) be the second derivative of u**4/12 - 7*u**3/6 - 3*u**2 + 6*u. Let y be c(10). What is the highest common divisor of 6 and y?
6
Let z be (6/(9/3))/(4/80). Calculate the greatest common factor of 4 and z.
4
Let q be (2/(-4))/1*-62. Suppose v - 3*x = -2*v + 33, -3*v = -5*x - q. Calculate the greatest common factor of 2 and v.
2
Suppose 18 = -5*k - 2. Let l be 1 + k - 27/(-1). Calculate the greatest common divisor of 8 and l.
8
Suppose n = 5, o = 4*o - 3*n + 9. Suppose o*u = -u + 18. Calculate the greatest common factor of 12 and u.
6
Suppose -3*j = j - v - 567, 0 = 2*j - 4*v - 294. Let r = 217 - j. Calculate the highest common factor of 19 and r.
19
Let m(b) = -b**3 + 4*b**2 + 6*b + 5. Let c be m(5). Suppose -3*d + 4*d - 2 = 0. Calculate the highest common divisor of d and c.
2
Suppose -5*l + 38 = -37. Calculate the greatest common divisor of l and 3.
3
Suppose -2*c = -2*g - 3 - 35, 0 = -2*c + 5*g + 50. What is the highest common divisor of 165 and c?
15
Suppose -o - 6 = -7*o. What is the highest common divisor of o and 8?
1
Let s be (-9)/(-27)*(-3)/(-1). Suppose b - 5 - s = 0. Suppose 0 = -5*q + 6*q - 24. What is the greatest common divisor of b and q?
6
Let n(i) be the first derivative of -i**3/3 - 9*i**2/2 + 5*i - 1. Let q be -6 - (6/(-3))/(-1). Let t be n(q). Calculate the highest common divisor of t and 39.
13
Let x(l) = 2*l**2 - 9*l + 5. Let j be x(8). Let b(a) = -1 + j*a + 0 - 2. Let m be b(3). What is the greatest common divisor of 20 and m?
20
Let l be (0 + -1)/((-6)/510). Let x = -40 + l. Suppose -m = 2*m - x. Calculate the highest common factor of 15 and m.
15
Let z(m) = m + 18. Let v be z(-14). What is the highest common divisor of 32 and v?
4
Suppose 5*n - 23 - 35 = -l, -4*l + 253 = -n. Let j = 45 - l. Let w = 29 + j. What is the greatest common divisor of w and 33?
11
Let p = 36 - 21. Calculate the greatest common factor of 45 and p.
15
Let s be (-16)/(-4) - (3 + 3 + -3). Let l(u) = 11*u**2 + 13*u**2 - 2*u + 3*u. Let y be l(s). What is the greatest common divisor of 5 and y?
5
Let h(u) = 2*u - 8. Let r be h(6). Suppose -p - 140 = -6*p. What is the highest common factor of p and r?
4
Let c(j) = -j**2 - 8*j + 4. Let g be c(-8). Suppose -g*l + 377 = -2*u - 3*u, -2*l - 4*u = -156. What is the highest common factor of l and 11?
11
Let u(x) = -32*x. Let s be u(-1). Suppose -m = 3*m - s. What is the greatest common divisor of m and 2?
2
Let i(o) = 3*o**3 - 3*o + 3. Let d be i(2). Let g = d + -15. Let w(y) = -y**2 + 5*y - 2. Let k be w(3). What is the greatest common divisor of g and k?
2
Suppose -5*t = 5*r - 70, -r + 13 = -3*t - 1. Suppose c + 10 = 2*a - 0*a, -5*a - 5*c = -55. Calculate the highest common divisor of r and a.
7
Suppose -24 = 3*q + 15. Let l = 0 - q. What is the highest common divisor of 143 and l?
13
Suppose -4*q = -3*q + 4. Let z be (6/(-4))/(q/88). Calculate the greatest common divisor of 22 and z.
11
Suppose -5*v + 72 = -38. Suppose 2*b + p - 12 = 0, 5*b - 5*p = 3*b. Suppose 0 = b*u - 10 - 0. What is the highest common factor of u and v?
2
Suppose 4*g - 93 = 51. Suppose 0*k - k - 68 = -5*m, -4 = -2*k. Let o = m + -5. What is the greatest common factor of g and o?
9
Suppose -3*u + 42 = 9. What is the highest common factor of u and 1?
1
Let p be (-4 + -1 - -2) + 6. Let d be 9/(1 + (1 - 1)). What is the greatest common divisor of d and p?
3
Suppose -156*d + 42 = -153*d. What is the greatest common divisor of d and 4?
2
Suppose 4*z - h - 248 = 0, -z + 5*h - h + 47 = 0. Let v(p) = -5*p - 4. Let b be v(-5). What is the greatest common factor of b and z?
21
Let o = 76 - 134. Let q = -101 - o. Let x = 79 + q. Calculate the highest common divisor of 24 and x.
12
Let h(f) = -f - 1. Let k be h(-3). Let a = k + 3. Suppose 4*l = -2*r + 46, 4*l + 101 = a*r - 0*r. Calculate the highest common divisor of 189 and r.
21
Suppose -4*s - 200 = -12*s. Calculate the highest common divisor of s and 25.
25
Suppose y - 2*s + 7 = 0, 2*s - 5 = 5*y - 2*s. Suppose 0 = -4*j + 2 + 2. Calculate the highest common divisor of j and y.
1
Let i be (2/(-3))/((-1)/3). Suppose i*h - 6*h + 340 = 0. What is the greatest common factor of 34 and h?
17
Let s = -28 - -51. What is the greatest common factor of 23 and s?
23
Let c = 2 - 2. Suppose -5*d + c*d + 70 = 0. Suppose 2*j - 108 = 4*s - 3*s, -4*s = -16. Calculate the greatest common factor of d and j.
14
Let w = 17 + -12. Let h(z) = 3*z**2 - z - 4. Let x be h(w). What is the highest common divisor of 6 and x?
6
Let v(p) = -18*p. Let g(x) = 17*x - 1. Let o(j) = 6*g(j) + 5*v(j). Let w be o(5). Calculate the greatest common divisor of 6 and w.
6
Let q(j) = -19*j - 3. Let o be q(-3). Let h(p) = p**2 - p + 90. Let b be h(0). Let x = b - o. What is the highest common divisor of 4 and x?
4
Suppose 17 + 28 = 5*k. Calculate the highest common divisor of 18 and k.
9
Suppose -5*n + 25 = -35. What is the highest common factor of n and 30?
6
Suppose 2*t + l - 312 = 0, -2*t - 3*l + 211 = -109. Suppose -h - 2*h = -42. What is the highest common factor of h and t?
14
Suppose 0 = -t + 136 - 37. Calculate the greatest common divisor of t and 9.
9
Suppose 0 = -2*t - 14 + 52. Suppose -2 + 6 = 2*d. Let s be ((-35)/d)/(-5)*38. What is the greatest common factor of s and t?
19
Suppose 5*i = -i + 66. Suppose -t = 15 - 114. Calculate the highest common factor of t and i.
11
Suppose -h + 13 = 2*q, 5*h + 3*q - 3 - 69 = 0. Let w be h*(6/9 + 0). Suppose -n + 20 = n. Calculate the highest common divisor of n and w.
10
Let f = 47 + -45. What is the highest common factor of 6 and f?
2
Suppose 5*c + 3400 = 10*c. Let a be c/16 - (-2)/(-4). What is the greatest common factor of a and 14?
14
Let z(l) = 31*l**2 + l. Let p be z(-1). Let f(r) = -12*r**2 - r + 1. Let j be f(-1). Let w = j + p. Calculate the greatest common divisor of 4 and w.
4
Suppose 5*i + 0*i - 34 = -o, 2*i - 8 = 0. Let m be (0 - 1/(-2))*4. Suppose -j - 3*v = j - 302, 4*j - m*v = 620. What is the greatest common factor of o and j?
14
Let p be (-4 - (-1 + -1))*-5. Let s = -6 + p. Suppose b = -d + 4, 6 + 9 = 3*d + s*b. Calculate the highest common factor of 1 and d.
1
Suppose 0*r = 2*r + 730. Let q = 625 + r. What is the highest common divisor of 26 and q?
26
Let j = 0 + 4. Suppose -b = b - 5*y + 1, 0 = 5*b + 2*y - 12. Let i be 60/3*b/j. What is the greatest common factor of i and 50?
10
Let h be (-1 - -2)/((-6)/(-102)). Suppose v - 5 = h. Let q = 14 + -3. What is the highest common divisor of q and v?
11
Let m(w) = -3*w**3 - 4*w**2 - 6*w - 17. Let p be m(-3). What is the highest common divisor of p and 69?
23
Let i = 56 - 14. Calculate the greatest common factor of 126 and i.
42
Suppose 4*k - 3*m = 340, -3*m + 340 = -0*k + 4*k. What is the highest common divisor of k and 17?
17
Suppose 3*u = -3*j - 12, 7*u = 3*u - 4. Let w be ((-36)/2)/(j/16). What is the highest common divisor of w and 24?
24
Let j(q) be the third derivative of q**4/24 + 7*q**3/6 - 2*q**2. Let h be j(6). Suppose -12*d + 10*d + 286 = 0. What is the highest common factor of h and d?
13
Let i(q) = -q**2 + 9*q - 10. Let j be i(7). Calculate the greatest common divisor of j and 20.
4
Let k(s) = s**2 - 13*s + 17. Let v be k(12). Suppose v*u + 4 = -6. Let p be (1/u)/((-2)/16). What is the greatest common factor of p and 12?
4
Let w be ((-35)/(-15))/((-2)/(-6)). Suppose 5*v = v + 32. Let y be (v/12)/(2/3). What is the highest common divisor of y and w?
1
Let o be (2*1)/(1/3). Suppose -15 = -l - t - 0, l - 2*t = o. What is the greatest common divisor of l and 6?
6
Suppose 0 = l - 9*l + 112. Calculate the highest common factor of l and 112.
14
Suppose 7*c - 23 = 47. Let m = 1 - 0. Let p be m*7/(14/60). Calculate the highest common factor of c and p.
10
Suppose -2*u - 4*o + 25 + 27 = 0, 0 = -4*o + 20. Suppose 0 = 2*b - 3*b + 112. Calculate the highest common factor of u and b.
16
Let t be -37 - (3 + -5 - -2). Let a = 18 - t. Calculate the highest common divisor of a and 11.
11
Let f be ((-132)/9 + -4)*(-27)/4. What is the hig